)?
-2
Let t(g) = g - 19. Let q be t(19). Let a(r) = r**2 + 4. Determine a(q).
4
Let u(z) = -z**2 - 2. Let i(h) = h**3 + 1. Let o(j) = -5*j**3 + 9*j**2 - j + 8. Let r(b) = 4*i(b) + o(b). Let v be r(9). What is u(v)?
-11
Let u(s) = -s**3 + 7*s**2 - 5*s. Suppose 0 = -0*n + n - 4*q + 6, 5*n - 24 = 2*q. Calculate u(n).
6
Suppose 4*t - 5*f + 24 = 0, 2*t + 12 = -f + 5*f. Let l(g) = -3*g - 5. Calculate l(t).
13
Suppose -3*d + 5*d = 2. Let o(j) = -j**2 + 0*j - 1 - 2*j**2 + 2*j. Give o(d).
-2
Let h = 2 - 4. Suppose r + 13 = -4*o, -3*r + 12 + 9 = -3*o. Let a(c) = c + c + r + 0*c. Determine a(h).
-1
Let w(b) = -2*b - 10. Let t(v) = -v - 9. Let j(i) = -3*t(i) + 2*w(i). Give j(0).
7
Suppose -20 = -0*p + 4*p. Let z = 0 + p. Let g(r) = -r - 9. Give g(z).
-4
Let s(c) = 5*c**2. Let i be s(-2). Suppose 7*z + 10 = 4*z + 2*g, -4*g = 3*z - i. Let o = z + -5. Let f(j) = j + 4. Determine f(o).
-1
Let m = -4 + 6. Suppose -4*w - m = 18. Let d(t) = -2*t**3 - 2*t - 3*t**2 + t**3 - 3 + 7*t**2 - 9*t**2. What is d(w)?
7
Let o(z) = -z**2 + 5*z. Let y(i) = -i**3 + i + 4. Suppose 3*f = -d - 12, -5*d + 0*f + 3*f + 12 = 0. Let j be y(d). Give o(j).
4
Let r(k) be the second derivative of k**4/12 - 3*k**2 + 7*k. Calculate r(0).
-6
Suppose -s + 3*s = -2. Let a be (8 - 2) + -1 + s. Suppose -a*y = 9 - 1. Let n(f) = f**3 + f**2 - f + 1. Determine n(y).
-1
Let k(h) be the third derivative of h**6/120 - h**5/10 + h**4/8 + h**3/3 + 19*h**2. Calculate k(5).
-8
Let t(m) = -m**3 + 9*m**2 - 9*m + 4. Suppose -2*x + 9*x - 56 = 0. Calculate t(x).
-4
Let s(k) = -8*k - 2. Let u(a) = 15*a + 4. Let t(p) = -11*s(p) - 6*u(p). Calculate t(-3).
4
Let m be (-189)/49 - 1/7. Let d(u) = -u**3 - 4*u**2 - 3*u + 1. Determine d(m).
13
Let d(r) = r**3 - r**2 - 3*r - 3. Let l = 1 + 3. Suppose -5*k = l*b - k - 24, -b = 4*k - 15. Determine d(b).
6
Suppose 17 = 2*a + 5*j, 4*a = -j - 0*j + 7. Suppose 2*n + a = -11. Let q(z) = -z**2 - 7*z - 4. Give q(n).
2
Let f(q) = -q**2 + 9*q - 3. Let k(c) = -c**2 + 8*c - 3. Let p(a) = 5*f(a) - 6*k(a). Let l be 1 + (2 - (0 - -1)). Give p(l).
1
Let o(g) = 2 + 4*g + g**2 - 4 - 2. Suppose -4*x = 5*h + 20 + 8, h = 3*x + 2. Give o(h).
-4
Let v(z) = z + 1. Let x = -4 - -6. Let y be v(x). Let t(o) = -4 + 2*o + y + 10. Determine t(-6).
-3
Let d(f) be the second derivative of 1/6*f**3 + 0 + 3*f - 7/2*f**2. Determine d(5).
-2
Let w(o) = o**2 + 7*o - 2. Let l be -1*(14/63 + (-86)/(-18)). Calculate w(l).
-12
Let z(n) = -9 - 14*n**3 + n**2 + 11*n**3 + 8. Give z(1).
-3
Let q(r) = 3*r**3 - 25*r**2 + 28*r - 22. Let v(g) = g**3 - 8*g**2 + 9*g - 7. Let k(s) = -2*q(s) + 7*v(s). Calculate k(4).
-9
Let d(k) = -k + 6. Suppose -5*s + 5 = -i - 9, 2 = 5*s + 2*i. Suppose 5*y - 23 - s = 0. Determine d(y).
1
Suppose -6 = -2*d + h, 4*d - h = 2*h + 10. Let m(c) = -c**3 + 4*c**2. Calculate m(d).
0
Suppose -3*b - 10 = 5*u, 4*u + 6 = b - 2. Let x(z) = -7*z**2 - 7*z + 8. Let m(l) = 13*l**2 + 13*l - 15. Let s(o) = 6*m(o) + 11*x(o). Give s(b).
-2
Let r = 6 - 12. Let k(a) = -a**2 - 7*a - 8. Give k(r).
-2
Let r(x) be the second derivative of x**6/720 + x**5/40 + x**4/4 - x. Let m(i) be the third derivative of r(i). Determine m(3).
6
Let w(q) = -5*q - 2. Let a be 2 + (-9)/6*2. Let r(z) = z. Let u(v) = a*w(v) - 6*r(v). Determine u(5).
-3
Let t(x) = -x**3 + 4*x**2 + 3*x - 2. Let r be (2 + (-25)/10)*-8. Give t(r).
10
Suppose 2*x = -3*x + 140. Suppose 2*s - x = 2. Suppose 0*h = 5*h - s. Let r(y) = -y**3 + 3*y**2 + 2*y. Give r(h).
6
Let j(t) be the first derivative of t**3/3 - t**2 - 1. Suppose 4*l + 0*d - 39 = d, 4*l - 45 = -5*d. Let g be (1*-2)/(l/(-15)). Determine j(g).
3
Let p be -2 + -1 + 5 - 3. Let g(y) = 16*y - 1. Determine g(p).
-17
Let k(g) = -g**3 + 5*g**2 + 5*g + 7. Let q be k(6). Let c(p) = -22*p**2 + p + 3. Let n(u) = 15*u**2 - u - 2. Let r(x) = 5*c(x) + 7*n(x). What is r(q)?
-6
Let c(b) = 7*b**2 - 2*b + 1. Let t be (-8 - -9)*(4 + (-1 - 2)). Determine c(t).
6
Let d be (-1*(-2 + 2))/1. Suppose 4*n - 2*n - 2 = d. Let v(j) = 4*j - 1 + 0 + 1 - n. Give v(2).
7
Let j(o) = 9 - 6*o - 2 - 3 + o**2 + 2. Give j(6).
6
Let m(u) = u - 6. Let a(v) = -7*v + 35. Let p = 89 - 54. Let s(l) = p*m(l) + 6*a(l). Calculate s(-1).
7
Let d(q) = 6 - 1 - q**2 - q + 3*q + 0*q**2. Let t(y) = 2*y + 1. Suppose -a + 5*s - 31 = -4*a, -a - 5*s + 27 = 0. Let g be t(a). What is d(g)?
-10
Let a(j) = -3*j**2 - 2*j - 2. Let q(u) = u**2 - 8*u + 5. Let f be q(7). What is a(f)?
-10
Let m(p) be the second derivative of p**7/840 - p**6/60 + p**5/24 + p**4/8 - p**3/6 - 3*p. Let n(u) be the second derivative of m(u). Determine n(5).
3
Let m(q) = 2*q + 10 - 5*q - 11. Let f(i) = i + 1. Let u(s) = -2*f(s) - m(s). Let d be u(0). Let x(k) = 5*k - 1. Give x(d).
-6
Let h = -28 - -22. Let v(g) be the second derivative of g**3/6 + 5*g**2 - g. What is v(h)?
4
Let b(d) = -2*d - 8. Suppose 0 = 8*h + h + 54. Give b(h).
4
Let b(i) be the first derivative of i**4/4 - 5*i**3/3 - 3*i + 2. Let v(d) = 5*d**3 + d**2 - d. Let m be v(1). Determine b(m).
-3
Let h(u) = -u**3 - 7*u**2 - 7*u - 1. Suppose 0 = 5*j + 11 + 14. Calculate h(j).
-16
Let t(k) = 2*k**2 - 4*k + 3. Let g be t(2). Let v(h) = 0 - 2 - 1 + h**g + h. Calculate v(0).
-3
Let s = -21 + 27. Let d(j) = j + 6. Let t(u) = -u - 5. Let k(y) = s*t(y) + 5*d(y). Calculate k(-6).
6
Let y(s) = s**3 + 3*s**2 - 2*s + 4. Let r be (1*(6 + -2))/(3 + -4). Calculate y(r).
-4
Let t(l) be the second derivative of -2*l**3 + 9*l**2/2 - l. Let i be (-6 + 2)*26/(-4). Let j(y) = 3*y - 2. Let p(a) = i*j(a) + 6*t(a). Calculate p(-2).
-10
Suppose -3*a = 9 + 15. Let s be 1/3*(a + 23). Let u(r) be the third derivative of -r**6/120 + r**5/12 + r**4/24 - 2*r**3/3 - r**2. Give u(s).
1
Let t(p) be the first derivative of p**2 - 5. Suppose 2*m - 18 = 4*r, -3*m + r + 6 = -1. Determine t(m).
2
Let t(f) = -7*f**3 - 4*f**2 - 4*f - 2. Let b(x) = -15*x**3 - 8*x**2 - 9*x - 4. Let r(u) = -6*b(u) + 13*t(u). Let l be (8/(-10))/((-2)/(-10)). Determine r(l).
-10
Let j = -7 + 8. Let y(x) = j + 5*x + 1 - x - 4. Calculate y(-2).
-10
Let l be (-9)/2*(-4)/6. Let q = -9 + 11. Let u(y) = 0 - 1 + y + q. What is u(l)?
4
Let f(q) be the second derivative of -q**3/6 - q**2 + 3*q. Calculate f(-4).
2
Let q(j) = 2*j - 1. Let o be (6/(-15))/(1/(-5)). Let l(c) = 0 + 5*c - 2 - o*c - c. Let w(r) = -5*l(r) + 4*q(r). Calculate w(5).
-4
Let t(a) = 2*a**2 + 5*a - 4. Let c(h) = -h**2 - 5*h + 3. Let f(b) = 3*c(b) + 2*t(b). Suppose 2*d = -x + 2, -5 + 29 = 5*x - 4*d. Determine f(x).
-3
Let p(f) = -6*f + f**2 - 5*f + 2*f + 2*f. Give p(6).
-6
Suppose 4*b = 3*s + 2, 11 - 1 = 3*b + 2*s. Let h(x) = 2*x - 3*x**2 - 3*x + 4 + 2*x**b. What is h(-3)?
-2
Let p(f) be the second derivative of -f**4/12 - 7*f**3/6 - 7*f**2/2 + 2*f. Give p(-5).
3
Let j(o) be the first derivative of -o**4/4 + 5*o**3/3 + o**2/2 + 5*o + 150. Let b(v) = v + 1. Let r be b(4). Calculate j(r).
10
Let p(u) = u**3 - 4*u**2 - 4*u + 17. Let o be p(4). Let n(y) = -4*y**2 - 4*y - 4. Let b(t) = -t - 1. Let v = -7 + 3. Let d(i) = v*b(i) + n(i). Determine d(o).
-4
Let w(i) = -i + 1. Let y(a) = 3*a - 5. Let h(s) = 2*w(s) + y(s). What is h(-4)?
-7
Let d(n) be the second derivative of -9*n**4/4 + 3*n**3/2 - 13*n**2/2 + n. Let y(k) = 7*k**2 - 2*k + 3. Let l(o) = 2*d(o) + 9*y(o). Determine l(-1).
10
Let u(k) = 4*k**3 - k + 1. Let s(h) = h**3 + 4*h**2 - 5*h + 1. Let n = -7 + 2. Let d be s(n). Give u(d).
4
Let g(v) = 676 + v**3 + 3*v**2 - 676 - 2*v. Determine g(-3).
6
Let n(a) = -13*a**3 + 3*a**2 - 3*a + 7. Let b(q) = 20*q**3 - 4*q**2 + 4*q - 10. Let s(g) = 5*b(g) + 7*n(g). Give s(-1).
-8
Let u(w) be the second derivative of w**5/20 - w**4/3 - w**3/3 - w**2/2 + w. Suppose 2*z + 4*c = 36, -c - 9 - 7 = -2*z. Suppose 0 = z*v - 2*v - 32. Give u(v).
-9
Let x = -6 + 9. Let n(o) = o + 2 + 0 - 4*o**2 + 3*o**2 - 6. Determine n(x).
-10
Let d = -22 - -19. Let y(q) = -3*q + 1. Let a(n) = 7*n - 1. Let g(x) = -2*a(x) - 5*y(x). Determine g(d).
-6
Let h(u) = 5*u**3 + u + 1. Let m be h(-1). Let j be ((-2)/6)/(m/60). Let y(v) = -3*v + 5. Give y(j).
-7
Let z(c) = c**3 - 6*c**2 - c + 4. Let y = 17 + -6. Let f = 17 - y. Calculate z(f).
-2
Let t be (-1)/((-21)/(-123)) + (-13)/91. Let h(w) = 20*w + 18. Let a(c) = 7*c + 6. Let v(d) = -17*a(d) + 6*h(d). Determine v(t).
0
Let v(b) = -b + 3. Suppose 3*x = 8*x. What is v(x)?
3
Let l(h) = 2*h**3 - 4*h**2 + 2*h + 1. Le